he greatest common factor of 220 and 8571970.
110
What is the greatest common divisor of 670384 and 586?
586
What is the greatest common divisor of 12 and 18303?
3
Calculate the highest common factor of 196 and 14700.
196
What is the highest common factor of 22885 and 48755?
995
What is the greatest common divisor of 1088 and 152?
8
What is the greatest common factor of 139878 and 342?
342
What is the greatest common factor of 328 and 1117496?
328
What is the highest common factor of 22 and 517?
11
What is the greatest common factor of 81261 and 36?
9
Calculate the highest common divisor of 250 and 13064750.
250
What is the highest common divisor of 65 and 7300?
5
Calculate the highest common divisor of 245 and 395920.
245
Calculate the highest common divisor of 71742 and 55.
11
Calculate the greatest common factor of 28812 and 162876.
588
What is the greatest common factor of 3876 and 4454?
34
Calculate the greatest common divisor of 45 and 63621.
9
Calculate the greatest common divisor of 748 and 24803.
17
Calculate the greatest common factor of 11837 and 2759.
89
Calculate the greatest common factor of 1804796 and 4497.
1499
What is the highest common factor of 1008020 and 520?
260
What is the greatest common divisor of 8245721 and 682?
341
What is the highest common factor of 1473 and 27?
3
Calculate the highest common divisor of 2249616 and 48.
48
What is the highest common divisor of 338689 and 13?
13
Calculate the highest common factor of 936174 and 666.
222
Calculate the highest common factor of 34010 and 114.
38
What is the greatest common factor of 2760 and 616?
8
What is the highest common divisor of 852 and 1491?
213
Calculate the greatest common divisor of 126 and 1019529.
63
Calculate the highest common factor of 6111 and 16947.
63
What is the greatest common factor of 19 and 15999?
1
What is the greatest common divisor of 23 and 63457?
23
Calculate the greatest common divisor of 338081 and 149.
149
Calculate the greatest common divisor of 50502 and 1178.
38
Calculate the greatest common divisor of 3236628 and 36.
12
What is the highest common factor of 459494 and 644?
322
Calculate the highest common divisor of 304 and 267596.
76
What is the greatest common divisor of 636152 and 132?
44
What is the highest common divisor of 700 and 1988?
28
Calculate the greatest common divisor of 11 and 17.
1
Calculate the highest common divisor of 65 and 359840.
65
Calculate the highest common divisor of 5746 and 64328.
34
What is the highest common divisor of 28 and 6710564?
28
Calculate the greatest common factor of 2290 and 810.
10
What is the greatest common divisor of 162 and 1062?
18
Calculate the highest common factor of 727050 and 150.
150
What is the highest common factor of 59 and 2867931?
59
What is the greatest common divisor of 216380 and 20?
20
Calculate the highest common factor of 109 and 3512416.
109
What is the greatest common factor of 140 and 16008?
4
Calculate the highest common divisor of 4641425 and 670.
335
Calculate the greatest common factor of 352 and 855448.
88
Calculate the greatest common factor of 36522 and 342.
18
What is the highest common factor of 73677 and 41?
41
What is the highest common factor of 14363 and 583?
53
Calculate the highest common divisor of 34134 and 54.
6
Calculate the highest common factor of 364 and 7072.
52
What is the greatest common divisor of 9 and 82827?
9
Calculate the greatest common factor of 3749 and 19757.
23
What is the greatest common divisor of 32 and 5369800?
8
Calculate the greatest common factor of 5334 and 88773.
381
What is the greatest common divisor of 1034 and 1056?
22
What is the highest common divisor of 174002 and 4820?
482
Calculate the highest common divisor of 49059 and 2370.
237
Calculate the highest common divisor of 360 and 61065.
45
What is the greatest common factor of 529 and 851?
23
Calculate the greatest common factor of 264 and 455796.
132
Calculate the highest common factor of 93 and 1165290.
93
Calculate the greatest common factor of 539 and 3025.
11
What is the highest common divisor of 2576 and 76958?
322
Calculate the highest common divisor of 288055 and 106.
53
Calculate the greatest common divisor of 309572 and 2316.
772
What is the highest common divisor of 141194 and 1816?
454
What is the highest common divisor of 2439075 and 68?
17
Calculate the highest common factor of 262 and 73229.
131
What is the greatest common factor of 14803 and 1808?
113
Calculate the greatest common factor of 21492 and 316808.
796
Calculate the greatest common factor of 117865 and 110.
55
What is the greatest common divisor of 6392534 and 326?
326
What is the greatest common factor of 2786 and 742?
14
Calculate the highest common factor of 2035061 and 301.
301
Calculate the greatest common factor of 17862 and 1365.
39
Calculate the highest common factor of 972 and 737262.
486
Calculate the highest common factor of 11176 and 7239.
127
Calculate the highest common divisor of 83146 and 14.
14
Calculate the greatest common factor of 17076 and 1029.
3
What is the greatest common divisor of 715 and 28886?
143
What is the greatest common divisor of 9882 and 648?
162
What is the highest common factor of 1251 and 12321?
9
What is the greatest common factor of 234 and 130032?
18
Calculate the greatest common divisor of 402165 and 13365.
1215
Calculate the highest common factor of 260 and 4030.
130
What is the highest common divisor of 156980 and 51700?
940
What is the greatest common divisor of 84 and 107436?
84
What is the highest common divisor of 1546625 and 250?
125
What is the greatest common factor of 5904 and 10988?
164
Calculate the greatest common factor of 526672 and 144.
16
Calculate the highest common divisor of 90 and 297165.
15
Calculate the greatest common factor of 1107 and 389787.
123
What is the highest common divisor of 198068 and 468?
52
Calculate the greatest common divisor of 644 and 115644.
92
Calculate the greatest common factor of 8534 and 2037116.
502
Calculate the highest common divisor of 1842048 and 4368.
624
What is the highest common factor of 159032 and 26248?
1544
Calculate the greatest common factor of 108 and 3631932.
108
What is the highest common divisor of 10887031 and 67?
67
Calculate the highest common factor of 118094 and 1293.
431
Calculate the greatest common factor of 1335339 and 1026.
513
What is the highest common factor of 8 and 670952?
8
Calculate the highest common factor of 5925720 and 1356.
1356
Calculate the highest common divisor of 285069 and 41583.
501
Calculate the highest common factor of 731 and 255.
17
What is the greatest common divisor of 70 and 38990?
70
Calculate the greatest common divisor of 235 and 352500.
235
What is the greatest common divisor of 633196 and 6842?
622
Calculate the greatest common factor of 4556 and 2176.
68
What is the greatest common divisor of 2828310 and 690?
690
What is the highest common divisor of 1012 and 7843?
253
What is the highest common divisor of 40 and 37376?
8
Calculate the greatest common divisor of 647360 and 1156.
1156
What is the greatest common divisor of 10318971 and 169?
169
Calculate the greatest common factor of 7020 and 324.
108
What is the greatest common divisor of 456249 and 3?
3
What is the greatest common divisor of 20 and 6500?
20
What is the greatest common divisor of 18639 and 38?
19
Calculate the highest common factor of 91904 and 1552.
16
What is the highest common divisor of 10234 and 25466?
238
What is the highest common factor of 623 and 21983?
89
Calculate the greatest common factor of 3876958 and 1884.
314
Calculate the greatest common factor of 1367240 and 210.
70
Calculate the greatest common factor of 826830 and 60.
30
What is the greatest common factor of 10 and 77150?
10
Calculate the highest common factor of 740 and 3256370.
370
Calculate the highest common divisor of 138 and 64492.
46
Calculate the highest common divisor of 315 and 1442.
7
Calculate the greatest common factor of 406 and 18074.
14
Calculate the greatest common divisor of 180 and 20934.
18
Calculate the greatest common divisor of 2682 and 36.
18
What is the greatest common factor of 224745 and 3?
3
Calculate the highest common divisor of 2375 and 62225.
475
What is the highest co